 Give o(-27).
-81
Let m(w) = -w**3 + 37*w**2 + 79. Calculate m(37).
79
Let m(y) = -y**2 - 1851*y + 50708. Give m(27).
2
Let w(c) = c**3 - 25*c**2 - 107*c - 271. Give w(29).
-10
Let w(q) = -207*q - 24845. What is w(-120)?
-5
Let l(u) = -2*u**2 + 9*u + 55. Determine l(-4).
-13
Let a(p) = 5*p**2 + 10*p - 35. Calculate a(3).
40
Let y(j) = -j**2 - 7*j + 1051. What is y(32)?
-197
Let d(n) = -56*n - 906. Determine d(-17).
46
Let f(l) = l**3 - 18*l**2 + 31*l + 24. Determine f(16).
8
Let i(y) = -y**3 - 7*y**2 + 33*y + 28. Determine i(-10).
-2
Let a(n) = -6*n + 164. Calculate a(29).
-10
Let z(l) = 3*l**3 - 2*l**2 + 10*l - 1. What is z(3)?
92
Let u(y) = -153*y + 117. Give u(5).
-648
Let t(n) = -60*n**2 + 176*n - 3. Calculate t(3).
-15
Let r(v) = -1746*v + 59365. Determine r(34).
1
Let s(a) = -2*a**3 - 4*a**2 + 61*a + 317. Determine s(-5).
162
Let r(i) = 4*i**2 - 18*i - 95. What is r(-3)?
-5
Let c(s) = -52*s**3 + 3*s**2 + 7*s + 4. Calculate c(-1).
52
Let w(l) = l**3 - 20*l**2 - 25*l + 63. Determine w(21).
-21
Let w(m) = -4*m**2 + 55. Calculate w(4).
-9
Let q(b) = -b**3 - b**2 + 10*b + 13. Calculate q(4).
-27
Let c(l) = -273*l + 374. Give c(1).
101
Let y(t) = -102*t + 2136. Give y(21).
-6
Let g(o) = -386*o - 3099. Determine g(-8).
-11
Let v(c) = c**3 + 39*c**2 + c + 109. Determine v(-39).
70
Let c(f) = 533*f + 2662. What is c(-5)?
-3
Let b(k) = k**3 - 2*k**2 - 32*k + 6. What is b(6)?
-42
Let w(j) = -4*j**2 + 195*j - 1726. Give w(37).
13
Let w(u) = -2*u**3 + 4*u**2 + 2123*u - 8486. What is w(4)?
-58
Let p(g) = 10*g**2 - 256*g + 373. Calculate p(24).
-11
Let g(y) = y**3 + 8*y**2 - 8*y + 30. What is g(-10)?
-90
Let y(m) = -327*m + 11123. Determine y(34).
5
Let y(k) = k**2 - 51*k - 297. What is y(-6)?
45
Let k(s) = -578*s + 4626. Determine k(8).
2
Let c(g) = g**3 - 33*g**2 - 378*g + 12. Give c(42).
12
Let k(d) = 443*d**2 + 9*d - 1. Determine k(-1).
433
Let c(s) = 14*s + 246. Calculate c(-8).
134
Let g(c) = -64*c - 54. Calculate g(-1).
10
Let g(w) = w**3 + 11*w**2 - 44*w - 38. Calculate g(-14).
-10
Let p(m) = 6447*m - 51589. Calculate p(8).
-13
Let w(f) = -2*f**3 + 24*f**2 + 32*f - 49. What is w(13)?
29
Let t(s) = 110*s + 311. Determine t(-3).
-19
Let h(x) = 3*x**3 + 5*x**2 - 23*x - 50. Give h(-4).
-70
Let g(b) = -b**3 - 12*b**2 + 8*b + 16. Determine g(-12).
-80
Let u(r) = -r**2 - 19*r - 32. What is u(-22)?
-98
Let v(s) = 599*s - 1805. Give v(3).
-8
Let h(u) = u**3 + 15*u**2 - 6*u + 58. Give h(-16).
-102
Let g(y) = -7*y**2 - 430*y - 1279. Determine g(-3).
-52
Let p(t) = t**2 + 6*t - 66. Give p(8).
46
Let x(b) = -198*b - 1618. Determine x(-8).
-34
Let v(r) = 2927*r + 17574. Calculate v(-6).
12
Let u(v) = 49*v**2 - 2*v - 1. Calculate u(1).
46
Let v(y) = -2852*y + 8492. Determine v(3).
-64
Let f(k) = -2*k**3 + 3*k**2 + k - 16. Give f(3).
-40
Let l(m) = -3*m**2 - 227*m - 2077. Give l(-65).
3
Let a(m) = m**3 + 90*m**2 + 13*m + 1169. Calculate a(-90).
-1
Let u(y) = 21*y**2 - 7*y + 20. Calculate u(2).
90
Let t(i) = 355*i - 14232. What is t(40)?
-32
Let s(d) = -3*d**2 + 52*d - 176. What is s(4)?
-16
Let g(r) = 7*r**2 + 586*r - 140. Calculate g(-84).
28
Let m(x) = -3*x**3 + 57*x**2 + 9*x - 214. Determine m(19).
-43
Let v(b) = b**3 - 149*b**2 + 1893*b - 22. What is v(14)?
20
Let k(b) = -373*b + 54828. What is k(147)?
-3
Let k(m) = -2*m**2 + 38*m + 297. Calculate k(25).
-3
Let u(c) = -2*c**2 - 3*c + 54. Determine u(-17).
-473
Let q(x) = 67*x**2 - 382*x + 383. Determine q(1).
68
Let w(x) = 50*x + 594. What is w(-13)?
-56
Let c(l) = -l**3 + 14*l**2 + 597*l - 5155. Give c(8).
5
Let x(y) = 3*y**2 + 20*y - 151. Give x(10).
349
Let f(u) = 246*u - 657. Calculate f(3).
81
Let h(u) = 2*u**2 - 10*u - 30. Calculate h(13).
178
Let a(k) = k**3 + 17*k**2 + 52*k + 1. Calculate a(-13).
1
Let h(c) = c**2 + 229*c - 98117. What is h(219)?
-5
Let w(m) = 9*m**2 + 1325*m + 2641. Give w(-2).
27
Let z(y) = -5*y**3 - 36*y**2 - 3*y - 26. Give z(-7).
-54
Let t(b) = b**3 - 15*b**2 - 12*b - 13. Calculate t(15).
-193
Let t(r) = -2*r**3 + r**2 + 13*r + 11. Determine t(-6).
401
Let x(t) = -20*t**2 + 10*t + 12. Determine x(-1).
-18
Let k(s) = -13*s**3 - 14*s**2 + 8*s + 19. Determine k(-1).
10
Let u(n) = -4*n + 106. Give u(29).
-10
Let r(o) = o**2 + 35*o + 164. Determine r(-18).
-142
Let w(v) = 15*v + 61. Calculate w(-4).
1
Let y(k) = -k**2 + 107*k + 8505. What is y(160)?
25
Let g(h) = 13*h**2 - 1314*h - 1234. Calculate g(102).
-10
Let f(w) = -w**3 - w**2 - 4*w - 28. Give f(-5).
92
Let u(o) = 516*o + 10322. Give u(-20).
2
Let c(p) = p**3 + 17*p**2 + 115*p + 976. Calculate c(-14).
-46
Let g(f) = 2*f**3 - 34*f**2 + 26*f - 58. Calculate g(16).
-154
Let z(d) = -6*d**2 + 117*d - 368. Determine z(16).
-32
Let i(u) = 82*u + 19358. Give i(-236).
6
Let t(d) = d**3 - 57*d**2 + 227*d - 797. Determine t(53).
-2
Let h(r) = -19*r - 2. Calculate h(1).
-21
Let p(z) = -25651*z + 307806. What is p(12)?
-6
Let b(i) = 2*i**2 - 80*i - 3577. Give b(-27).
41
Let s(x) = -16*x**2 - 154*x - 100. Give s(-9).
-10
Let r(j) = -2*j**3 - 85*j**2 + 41*j - 32. Give r(-43).
54
Let n(f) = -f**3 - 13*f**2 - 13*f - 524. Calculate n(-14).
-146
Let v(u) = -552*u + 8815. Determine v(16).
-17
Let t(p) = -3*p**2 - 36*p + 131. Give t(-17).
-124
Let l(q) = -q**2 + 32*q - 230. What is l(11)?
1
Let f(m) = 6*m**3 - 6*m + 10. Determine f(2).
46
Let q(x) = -x**2 - 97*x + 9111. What is q(59)?
-93
Let k(l) = -3*l**3 + 179*l**2 - 105*l - 766. What is k(59)?
1
Let o(n) = 2*n**3 + 86*n**2 - 20*n - 864. Calculate o(-43).
-4
Let d(s) = -2*s**3 - 78*s**2 + 75*s - 91. Give d(-40).
109
Let l(n) = 3*n**3 - n**2 - 9*n + 202. Determine l(0).
202
Let z(n) = -81*n**2 - 529*n + 268. Determine z(-7).
2
Let x(k) = -k**3 - 56*k**2 - 100*k + 398. Give x(-54).
-34
Let l(m) = -m**2 - 3*m - 37. Give l(-5).
-47
Let d(s) = 2139*s - 271635. What is d(127)?
18
Let z(x) = 53*x - 298. Determine z(14).
444
Let o(h) = -h**3 - 19*h**2 + 67*h + 5. What is o(-22)?
-17
Let a(v) = -v**2 - 33*v + 51. What is a(-32)?
83
Let v(j) = 4*j - 63. What is v(12)?
-15
Let t(f) = -f**2 - 36*f - 302. What is t(-13)?
-3
Let r(d) = d**3 + 111*d**2 + 111*d + 104. Give r(-110).
-6
Let t(n) = n**3 + 7*n**2 - n + 3. Give t(-2).
25
Let f(c) = -c**2 - 72*c + 1559. Calculate f(-86).
355
Let q(r) = 12*r**2 + 693*r + 519. Calculate q(-57).
6
Let v(q) = -239*q - 28675. Determine v(-120).
5
Let c(z) = -2*z**3 - 81*z**2 + 42*z + 35. Give c(-41).
-6
Let u(c) = -2*c**2 - c + 82. Calculate u(7).
-23
Let n(p) = 442*p**2 - 12*p + 13. Calculate n(-1).
467
Let x(u) = 4*u**2 - 157*u - 1971. What is x(-10)?
-1
Let w(q) = -18*q - 33. Calculate w(-2).
3
Let y(b) = 22*b**2 + 702*b - 17. What is y(-32)?
47
Let w(g) = 7*g**2 - 52*g + 184. Give w(4).
88
Let c(x) = 80*x + 966. Determine c(-13).
-74
Let t(v) = 45*v - 5540. Calculate t(123).
-5
Let c(s) = -1721*s + 6886. Calculate c(4).
2
Let j(w) = 4*w**2 - 299*w - 6681. Give j(-18).
-3
Let j(f) = -9*f**2 - 630*f + 5. Determine j(-70).
5
Let r(v) = -8*v**2 + 4*v - 12. Give r(5).
-192
Let y(t) = -15*t + 501. Calculate y(32).
21
Let o(t) = 6083*t - 152068. Calculate o(25).
7
Let l(t) = -360*t + 4. Determine l(0).
4
Let p(q) = -1330*q - 73156. Calculate p(-55).
-6
Let h(u) = -12*u**2 + 1896*u + 17. Calculate h(158).
17
Let w(z) = -2*z**2 + 88*z - 637. Determine w(10).
43
Let f(i) = -21*i**2 + 5*i - 8. Give f(2).
-82
Let y(m) = 5*m**2 - 7*m - 172. What is y(-5)?
-12
Let c(f) = -f**2 - 47*f - 87. What is c(-24)?
465
Let r(v) = -v - 8. Determine r(13).
-21
Let k(v) = 48*v + 2881. Calculate k(-61).
-47
Let v(a) = 4*a - 327. Give v(-10).
-367
Let f(w) = -1858*w - 3720. What is f(-2)?
-4
Let q(v) = 75*v + 24. Give q(3).
249
Let b(p) = -p**3 - 68*p**2 - 67*p - 73. Calculate b(-67).
-73
Let d(u) = -595*u - 11916. Determine d(-20).
-16
Let z(y) = -85*y**2 - 1506*y - 1034. Calculate z(-17).
3
Let m(b) = -b**3 + 3*b**2 - 5*b + 3. Give m(5).
-72
Let r(o) = 115*o + 2417. Give r(-21).
2
Let z(c) = 23*c**2 + c - 1. What is z(-3)?
203
Let y(r) = r**2 - 322*r + 14250. Calculate y(53).
-7
Let w(p) = -p**3 + 37*p**2 + 36*p + 57. Determine w(38).
-19
Let p(u) = u**2 - 113*u + 1797. Give p(19).
11
Let g(k) = 4*k**3 + 401*k**2 + 102*k + 360. Determine g(-100).
160
Let k(x) = -47*x - 672. Calculate k(-14).
-14
Let x(a) = -a**3 + 18*a**2 + 17*a + 44. What is x(19)?
6
Let c(p) = -58*p + 705. Determine c(1